sor of 146580 and 18225?
15
Calculate the highest common divisor of 14268 and 131057976.
492
Calculate the greatest common divisor of 875050 and 158950.
550
Calculate the greatest common divisor of 1852 and 13039006.
926
Calculate the highest common divisor of 390 and 77393901.
39
Calculate the greatest common factor of 134925705 and 3105.
1035
Calculate the greatest common divisor of 133590 and 731022.
438
What is the highest common divisor of 304795494 and 6210?
1242
Calculate the highest common factor of 2669384 and 272.
8
Calculate the highest common factor of 16 and 31566856.
8
Calculate the greatest common factor of 482970744 and 6624.
1656
Calculate the highest common divisor of 1041 and 4256996.
347
What is the greatest common divisor of 7811 and 315871?
73
Calculate the highest common divisor of 7482 and 108054.
174
Calculate the greatest common factor of 14039 and 1568631.
101
Calculate the highest common factor of 350 and 130306470.
70
Calculate the highest common factor of 365504970 and 18.
6
What is the highest common factor of 2622114 and 238887?
1881
What is the highest common divisor of 2 and 5744626?
2
Calculate the highest common factor of 548 and 55361426.
274
Calculate the greatest common factor of 8657 and 2645918.
11
Calculate the highest common divisor of 86732311 and 2113.
2113
What is the highest common factor of 8149 and 2757291?
29
Calculate the highest common divisor of 7640 and 64361652.
764
What is the greatest common divisor of 3047384 and 64?
8
What is the greatest common factor of 32 and 2514996?
4
What is the greatest common factor of 157497236 and 806?
806
What is the highest common factor of 28795140 and 16830?
990
What is the highest common factor of 8916 and 50736?
12
Calculate the highest common divisor of 23 and 132062389.
23
Calculate the highest common divisor of 44 and 9137315.
11
What is the highest common divisor of 3290666 and 1888?
118
What is the highest common factor of 1383 and 2713?
1
What is the greatest common factor of 207125 and 85?
5
What is the highest common factor of 300 and 2975900?
100
Calculate the highest common divisor of 85620 and 6120.
60
Calculate the greatest common divisor of 1680 and 13624100.
140
What is the greatest common divisor of 2115 and 2283390?
45
What is the greatest common divisor of 69616 and 768524?
916
What is the greatest common divisor of 411863508 and 4914?
378
What is the highest common divisor of 744128 and 115808?
2464
What is the highest common divisor of 925 and 1043215?
185
Calculate the highest common divisor of 40313 and 144060056.
3101
Calculate the greatest common divisor of 19068 and 1645440.
12
What is the greatest common divisor of 1518 and 116846463?
69
What is the greatest common factor of 51700388 and 116?
116
Calculate the greatest common divisor of 265458 and 528279.
879
Calculate the highest common divisor of 13548 and 12156.
12
What is the highest common divisor of 28268215 and 335?
5
What is the highest common divisor of 13827738 and 690?
138
What is the greatest common factor of 327901 and 20557?
337
Calculate the greatest common factor of 30837 and 6972408.
1623
Calculate the greatest common factor of 13194 and 1454272.
1466
Calculate the greatest common factor of 134424 and 408.
24
What is the greatest common factor of 2 and 127723642?
2
Calculate the highest common factor of 420639 and 279.
93
Calculate the highest common factor of 12516 and 163356746.
2086
What is the greatest common divisor of 77097107 and 671?
61
Calculate the highest common factor of 23288299 and 2119.
163
Calculate the highest common divisor of 1221 and 1188255.
111
Calculate the highest common divisor of 266731498 and 4006.
4006
Calculate the greatest common factor of 1104 and 5325489.
69
Calculate the greatest common factor of 421 and 658965198.
421
Calculate the highest common divisor of 8713717 and 404354.
1117
What is the greatest common factor of 1925320 and 1080?
40
What is the greatest common divisor of 1483343 and 3?
1
What is the greatest common divisor of 581102350 and 50?
50
What is the greatest common divisor of 5137931 and 9731?
37
What is the greatest common factor of 8726837 and 17514?
973
What is the highest common divisor of 65736 and 334188?
36
Calculate the greatest common divisor of 23795812 and 62528.
3908
What is the greatest common divisor of 277 and 2433585439?
277
Calculate the highest common factor of 630 and 207715788.
126
What is the highest common factor of 4584133 and 1?
1
What is the greatest common factor of 1032 and 456857112?
1032
What is the greatest common factor of 19738564 and 30990?
2066
Calculate the greatest common factor of 2527926330 and 30.
30
Calculate the highest common divisor of 690 and 13585434.
6
Calculate the highest common divisor of 354 and 1342078251.
177
What is the highest common factor of 6984 and 2678706216?
6984
What is the greatest common divisor of 72270406 and 78?
26
What is the greatest common factor of 24309298 and 5382?
598
What is the highest common factor of 225 and 27693585?
45
Calculate the greatest common factor of 7710 and 24580251.
771
What is the highest common factor of 520 and 1591460?
260
What is the greatest common factor of 43236 and 1377?
9
What is the highest common divisor of 56225 and 4617197?
2249
Calculate the highest common divisor of 1139 and 1492760.
67
Calculate the highest common factor of 26 and 22841156.
26
What is the greatest common factor of 71 and 41305883?
71
What is the highest common factor of 8392101 and 201603?
3009
Calculate the greatest common factor of 50421579 and 39.
39
What is the greatest common factor of 507 and 934323?
39
Calculate the greatest common divisor of 36746 and 162345762.
1934
Calculate the highest common divisor of 329 and 73701593.
329
What is the greatest common factor of 1165255949 and 2899?
2899
What is the highest common divisor of 18837 and 2492217?
819
What is the greatest common divisor of 4920440 and 16408?
56
What is the greatest common factor of 163929110 and 90?
10
What is the greatest common divisor of 4853 and 4549745?
23
What is the highest common divisor of 553076 and 48988?
148
What is the greatest common factor of 49559130 and 90?
90
Calculate the highest common divisor of 642746416 and 312.
104
Calculate the highest common factor of 17242 and 27683662.
466
Calculate the greatest common factor of 20682 and 7505676.
54
Calculate the greatest common factor of 52583583 and 2223.
741
What is the highest common factor of 132432 and 304420?
124
What is the greatest common divisor of 126588 and 891?
33
Calculate the greatest common factor of 125665650 and 18.
18
Calculate the highest common factor of 42368446 and 1130.
226
What is the highest common factor of 5738190 and 2280?
570
Calculate the highest common divisor of 3342210 and 30.
30
What is the highest common divisor of 5209464 and 4245?
849
What is the greatest common factor of 590 and 111765470?
590
What is the highest common divisor of 960 and 54507840?
960
Calculate the greatest common divisor of 5025445 and 1199.
109
Calculate the highest common factor of 10606762 and 718469.
4153
Calculate the greatest common factor of 8985140 and 140.
20
Calculate the highest common divisor of 936059 and 439504.
2113
What is the greatest common divisor of 1687 and 1530832?
241
Calculate the greatest common factor of 8390668 and 2002.
286
What is the greatest common factor of 536010149 and 3637?
3637
What is the highest common divisor of 31220611 and 10171?
1453
What is the greatest common divisor of 34530 and 10800?
30
Calculate the greatest common divisor of 1020 and 11479352.
68
What is the greatest common divisor of 34 and 315254?
2
Calculate the greatest common factor of 73183 and 7744.
11
What is the greatest common factor of 3192 and 4443600?
168
Calculate the greatest common divisor of 128 and 67793032.
8
Calculate the highest common divisor of 4460195 and 1011.
337
Calculate the greatest common divisor of 9491274 and 77597.
611
What is the greatest common divisor of 255408 and 584058?
1878
Calculate the highest common divisor of 132219 and 371523.
177
What is the highest common factor of 1745 and 12551785?
1745
Calculate the greatest common factor of 558 and 480258.
18
Cal